{"id":115,"date":"2020-12-02T19:36:14","date_gmt":"2020-12-02T19:36:14","guid":{"rendered":"https:\/\/association-fsf.org\/?page_id=115"},"modified":"2020-12-06T13:16:50","modified_gmt":"2020-12-06T13:16:50","slug":"abenteuer-koutaba","status":"publish","type":"page","link":"https:\/\/association-fsf.org\/?page_id=115","title":{"rendered":"Abenteuer Koutaba"},"content":{"rendered":"\n<p>Suzanne Lanker verbrachte im Fr\u00fchling 2019 drei Monate in Kamerun, um das Centre de Sant\u00e9 Mbambeluh zu er\u00f6ffnen. Ihre Erfahrungen hat sie regelm\u00e4ssig in einem Blog festgehalten. Der Blog ist als Buch erschienen (A4 quer, 100 Seiten, Umschlag Hardcover), das bei Suzanne bestellt werden kann: 27.\u2013 exkl. Versand, wobei 5.\u2013 ans Projekt in Ngoundoup gehen. Bestellung bitte per Mail an <a href=\"mailto:suzla@hispeed.ch\">suzla(at)hispeed.ch<\/a>.<\/p>\n\n\n\n<figure class=\"wp-block-image size-full\"><img loading=\"lazy\" decoding=\"async\" width=\"2560\" height=\"1781\" src=\"https:\/\/association-fsf.org\/wp-content\/uploads\/2020\/12\/Titel_Buch_Suslepsd-scaled.jpg\" alt=\"\" class=\"wp-image-113\" srcset=\"https:\/\/association-fsf.org\/wp-content\/uploads\/2020\/12\/Titel_Buch_Suslepsd-scaled.jpg 2560w, https:\/\/association-fsf.org\/wp-content\/uploads\/2020\/12\/Titel_Buch_Suslepsd-300x209.jpg 300w, https:\/\/association-fsf.org\/wp-content\/uploads\/2020\/12\/Titel_Buch_Suslepsd-1024x713.jpg 1024w, https:\/\/association-fsf.org\/wp-content\/uploads\/2020\/12\/Titel_Buch_Suslepsd-768x534.jpg 768w, https:\/\/association-fsf.org\/wp-content\/uploads\/2020\/12\/Titel_Buch_Suslepsd-1536x1069.jpg 1536w, https:\/\/association-fsf.org\/wp-content\/uploads\/2020\/12\/Titel_Buch_Suslepsd-2048x1425.jpg 2048w\" sizes=\"auto, (max-width: 2560px) 100vw, 2560px\" \/><\/figure>\n\n\n\n<p><a href=\"https:\/\/association-fsf.org\/wp-content\/uploads\/2020\/12\/Blogbuch_Susle_Kamerun.pdf\" target=\"_blank\" rel=\"noreferrer noopener\">Hier<\/a> k\u00f6nnt ihr euch einlesen (PDF)&#8230;<\/p>\n","protected":false},"excerpt":{"rendered":"<p>Suzanne Lanker verbrachte im Fr\u00fchling 2019 drei Monate in Kamerun, um das Centre de Sant\u00e9 Mbambeluh zu er\u00f6ffnen. Ihre Erfahrungen hat sie regelm\u00e4ssig in einem Blog festgehalten. Der Blog ist als Buch erschienen (A4 quer, 100 Seiten, Umschlag Hardcover), das bei Suzanne bestellt werden kann: 27.\u2013 exkl. Versand, wobei 5.\u2013 ans Projekt in Ngoundoup gehen. [&hellip;]<\/p>\n","protected":false},"author":1,"featured_media":0,"parent":0,"menu_order":0,"comment_status":"closed","ping_status":"closed","template":"","meta":{"footnotes":""},"class_list":["post-115","page","type-page","status-publish","czr-hentry"],"_links":{"self":[{"href":"https:\/\/association-fsf.org\/index.php?rest_route=\/wp\/v2\/pages\/115","targetHints":{"allow":["GET"]}}],"collection":[{"href":"https:\/\/association-fsf.org\/index.php?rest_route=\/wp\/v2\/pages"}],"about":[{"href":"https:\/\/association-fsf.org\/index.php?rest_route=\/wp\/v2\/types\/page"}],"author":[{"embeddable":true,"href":"https:\/\/association-fsf.org\/index.php?rest_route=\/wp\/v2\/users\/1"}],"replies":[{"embeddable":true,"href":"https:\/\/association-fsf.org\/index.php?rest_route=%2Fwp%2Fv2%2Fcomments&post=115"}],"version-history":[{"count":4,"href":"https:\/\/association-fsf.org\/index.php?rest_route=\/wp\/v2\/pages\/115\/revisions"}],"predecessor-version":[{"id":126,"href":"https:\/\/association-fsf.org\/index.php?rest_route=\/wp\/v2\/pages\/115\/revisions\/126"}],"wp:attachment":[{"href":"https:\/\/association-fsf.org\/index.php?rest_route=%2Fwp%2Fv2%2Fmedia&parent=115"}],"curies":[{"name":"wp","href":"https:\/\/api.w.org\/{rel}","templated":true}]}}