{"id":380,"date":"2025-07-16T07:05:15","date_gmt":"2025-07-16T07:05:15","guid":{"rendered":"https:\/\/association-fsf.org\/?page_id=380"},"modified":"2025-07-16T07:41:11","modified_gmt":"2025-07-16T07:41:11","slug":"naehatelier-2","status":"publish","type":"page","link":"https:\/\/association-fsf.org\/?page_id=380","title":{"rendered":"N\u00e4hatelier"},"content":{"rendered":"\n<h2 class=\"wp-block-heading\">Association des Jeunes Couturi\u00e8res \u00abMbambeluh\u00bb<\/h2>\n\n\n\n<p class=\"has-medium-font-size\"><br>Nicht direkt mit dem Centre verbunden, aber auch durch den Verein unterst\u00fctzt, entstand aus der Initiative junger Frauen das N\u00e4hatelier. Ein paar erfahrene N\u00e4herinnen haben sich im Kollektiv organisiert und verspr\u00fchen mittlerweile ein Engagement, das wirklich Freude macht. Sie beziehen auch junge Frauen aus dem Dorf in ihre Arbeit mit ein, bilden sie aus und schaffen so neue Zukunftsperspektiven. Unser Verein unterst\u00fctzt das Kollektiv im Unterhalt der Ger\u00e4te und bezahlt die Miete f\u00fcr das Lokal.<\/p>\n\n\n\n<div style=\"height:20px\" aria-hidden=\"true\" class=\"wp-block-spacer\"><\/div>\n\n\n\n<figure class=\"wp-block-image size-full\"><img loading=\"lazy\" decoding=\"async\" width=\"2560\" height=\"1920\" src=\"https:\/\/association-fsf.org\/wp-content\/uploads\/2025\/07\/Frauen_an_Naehmaschinen-scaled.jpg\" alt=\"\" class=\"wp-image-383\" srcset=\"https:\/\/association-fsf.org\/wp-content\/uploads\/2025\/07\/Frauen_an_Naehmaschinen-scaled.jpg 2560w, https:\/\/association-fsf.org\/wp-content\/uploads\/2025\/07\/Frauen_an_Naehmaschinen-300x225.jpg 300w, https:\/\/association-fsf.org\/wp-content\/uploads\/2025\/07\/Frauen_an_Naehmaschinen-1024x768.jpg 1024w, https:\/\/association-fsf.org\/wp-content\/uploads\/2025\/07\/Frauen_an_Naehmaschinen-768x576.jpg 768w, https:\/\/association-fsf.org\/wp-content\/uploads\/2025\/07\/Frauen_an_Naehmaschinen-1536x1152.jpg 1536w, https:\/\/association-fsf.org\/wp-content\/uploads\/2025\/07\/Frauen_an_Naehmaschinen-2048x1536.jpg 2048w\" sizes=\"auto, (max-width: 2560px) 100vw, 2560px\" \/><figcaption class=\"wp-element-caption\">Da wird mit Freude gearbeitet<\/figcaption><\/figure>\n\n\n\n<div style=\"height:20px\" aria-hidden=\"true\" class=\"wp-block-spacer\"><\/div>\n\n\n\n<div class=\"wp-block-columns is-layout-flex wp-container-core-columns-is-layout-9d6595d7 wp-block-columns-is-layout-flex\">\n<div class=\"wp-block-column is-layout-flow wp-block-column-is-layout-flow\">\n<figure class=\"wp-block-image size-full\"><img loading=\"lazy\" decoding=\"async\" width=\"1700\" height=\"2400\" src=\"https:\/\/association-fsf.org\/wp-content\/uploads\/2025\/07\/Frau_mit_Kleid.jpg\" alt=\"Junge Frau mit selbstgen\u00e4htem Kleid\" class=\"wp-image-388\" srcset=\"https:\/\/association-fsf.org\/wp-content\/uploads\/2025\/07\/Frau_mit_Kleid.jpg 1700w, https:\/\/association-fsf.org\/wp-content\/uploads\/2025\/07\/Frau_mit_Kleid-213x300.jpg 213w, https:\/\/association-fsf.org\/wp-content\/uploads\/2025\/07\/Frau_mit_Kleid-725x1024.jpg 725w, https:\/\/association-fsf.org\/wp-content\/uploads\/2025\/07\/Frau_mit_Kleid-768x1084.jpg 768w, https:\/\/association-fsf.org\/wp-content\/uploads\/2025\/07\/Frau_mit_Kleid-1088x1536.jpg 1088w, https:\/\/association-fsf.org\/wp-content\/uploads\/2025\/07\/Frau_mit_Kleid-1451x2048.jpg 1451w\" sizes=\"auto, (max-width: 1700px) 100vw, 1700px\" \/><figcaption class=\"wp-element-caption\">Stolz pr\u00e4sentiert sie ihr selbstgen\u00e4htes Kleid<\/figcaption><\/figure>\n<\/div>\n\n\n\n<div class=\"wp-block-column is-layout-flow wp-block-column-is-layout-flow\">\n<figure class=\"wp-block-image size-full\"><img loading=\"lazy\" decoding=\"async\" width=\"1700\" height=\"2400\" src=\"https:\/\/association-fsf.org\/wp-content\/uploads\/2025\/07\/Lernende_im_Naehatelier.jpg\" alt=\"Lernende im N\u00e4htelier\" class=\"wp-image-389\" srcset=\"https:\/\/association-fsf.org\/wp-content\/uploads\/2025\/07\/Lernende_im_Naehatelier.jpg 1700w, https:\/\/association-fsf.org\/wp-content\/uploads\/2025\/07\/Lernende_im_Naehatelier-213x300.jpg 213w, https:\/\/association-fsf.org\/wp-content\/uploads\/2025\/07\/Lernende_im_Naehatelier-725x1024.jpg 725w, https:\/\/association-fsf.org\/wp-content\/uploads\/2025\/07\/Lernende_im_Naehatelier-768x1084.jpg 768w, https:\/\/association-fsf.org\/wp-content\/uploads\/2025\/07\/Lernende_im_Naehatelier-1088x1536.jpg 1088w, https:\/\/association-fsf.org\/wp-content\/uploads\/2025\/07\/Lernende_im_Naehatelier-1451x2048.jpg 1451w\" sizes=\"auto, (max-width: 1700px) 100vw, 1700px\" \/><figcaption class=\"wp-element-caption\">Lernende im N\u00e4hatelier<\/figcaption><\/figure>\n<\/div>\n<\/div>\n","protected":false},"excerpt":{"rendered":"<p>Association des Jeunes Couturi\u00e8res \u00abMbambeluh\u00bb Nicht direkt mit dem Centre verbunden, aber auch durch den Verein unterst\u00fctzt, entstand aus der Initiative junger Frauen das N\u00e4hatelier. Ein paar erfahrene N\u00e4herinnen haben sich im Kollektiv organisiert und verspr\u00fchen mittlerweile ein Engagement, das wirklich Freude macht. Sie beziehen auch junge Frauen aus dem Dorf in ihre Arbeit mit [&hellip;]<\/p>\n","protected":false},"author":1,"featured_media":0,"parent":0,"menu_order":0,"comment_status":"closed","ping_status":"closed","template":"","meta":{"footnotes":""},"class_list":["post-380","page","type-page","status-publish","czr-hentry"],"_links":{"self":[{"href":"https:\/\/association-fsf.org\/index.php?rest_route=\/wp\/v2\/pages\/380","targetHints":{"allow":["GET"]}}],"collection":[{"href":"https:\/\/association-fsf.org\/index.php?rest_route=\/wp\/v2\/pages"}],"about":[{"href":"https:\/\/association-fsf.org\/index.php?rest_route=\/wp\/v2\/types\/page"}],"author":[{"embeddable":true,"href":"https:\/\/association-fsf.org\/index.php?rest_route=\/wp\/v2\/users\/1"}],"replies":[{"embeddable":true,"href":"https:\/\/association-fsf.org\/index.php?rest_route=%2Fwp%2Fv2%2Fcomments&post=380"}],"version-history":[{"count":9,"href":"https:\/\/association-fsf.org\/index.php?rest_route=\/wp\/v2\/pages\/380\/revisions"}],"predecessor-version":[{"id":402,"href":"https:\/\/association-fsf.org\/index.php?rest_route=\/wp\/v2\/pages\/380\/revisions\/402"}],"wp:attachment":[{"href":"https:\/\/association-fsf.org\/index.php?rest_route=%2Fwp%2Fv2%2Fmedia&parent=380"}],"curies":[{"name":"wp","href":"https:\/\/api.w.org\/{rel}","templated":true}]}}